rd derivative of 0*v**4 + 0 + 1/12*v**5 + n*v**3 + v**2 + 0*v. Give c(-1).
5
Let l = -9 - -14. Suppose -5*y = 3*f + 25, l*y = f - 0*y - 5. Let m(h) = -h**3 - 5*h**2 + h - 1. Determine m(f).
-6
Let y(q) = q**3 - 6*q**2 - q + 1. Let k(l) = -3*l - 3*l + 2*l - 8 + 3*l. Let d be k(-8). Let v(c) = c**3 - c**2 - c + 6. Let s be v(d). What is y(s)?
-5
Suppose 2*j - z - 3 = 0, -4*j = -z - 4 - 3. Let f(c) be the first derivative of 7/3*c**3 + 0*c + 2 + 0*c**j. What is f(1)?
7
Let k(s) = -s**3 + 7*s**2 + 5*s - 10. Let t be (3 - (5 + 0))/(2/(-8)). What is k(t)?
-34
Let m(g) = g**2 + 8*g + 1. Let w be -1*12/(1 + -3). Let b be 12*(20/w - 4). Give m(b).
1
Let y be (-20)/(-3) + ((-28)/(-6))/(-7). Let l(o) = -o**2 + 6*o - 6. Calculate l(y).
-6
Let w(i) = 14*i**2 + 8 - 5 + 6*i - 16. Let m(o) = 8*o**2 + 3*o - 7. Let t(j) = -5*m(j) + 3*w(j). Determine t(-3).
5
Let m(q) = -4*q**3 - 19*q**2 - 9*q + 59. Let p(v) = v**3 + 5*v**2 + 2*v - 13. Let i(u) = 2*m(u) + 9*p(u). Let a = 5 + -12. Determine i(a).
1
Suppose -7*t - 2*u = -6*t - 2, 16 = -4*t + 4*u. Let m(a) = -4*a**2 + 17*a - 1. Let x(s) = -s**2 + 4*s. Let l(r) = -2*m(r) + 9*x(r). Determine l(t).
-6
Let w(i) = -i**3 - 3*i**2 + 4*i + 4. Let k be w(-4). Let l(r) be the third derivative of 1/6*r**3 + 0 - 3*r**2 + 0*r - 1/24*r**k. What is l(0)?
1
Let m = -55 - -94. Let x be ((-19)/(-3) - -1) + (-13)/m. Let q(l) = -l**2 + 7*l - 5. Calculate q(x).
-5
Let m(k) = -k**2 - 3*k + 5. Suppose 51 = 14*s + 135. Give m(s).
-13
Let y(b) = 4*b**2 + b**3 + 4 - 2*b**2 + 50*b + 0*b**2 - b**2 - 51*b. Calculate y(-4).
-40
Suppose -3*t = -4*t. Let b(y) = 3*y**2 - y. Let q be b(1). Let m(o) = 4 - 5 + q + o + 1. Calculate m(t).
2
Let d(v) = v**2 + v - 5. Suppose 5*o + i - 11 = 0, -14 = 2*o - 0*o + 5*i. Suppose -g - 5*y - 20 = 0, -o*g = g + 3*y + 29. What is d(g)?
15
Let z(g) = -g**3 + 10*g**2 - 6*g + 10. Let i(v) = -5*v**3 + 51*v**2 - 29*v + 50. Let q(r) = -2*i(r) + 11*z(r). Let k be q(7). Let h(p) = 3*p. Calculate h(k).
9
Let n(m) = -4 + 6*m - m**2 - 5 - 13*m + 0. Let o(v) = -v + 1. Let d be o(7). Give n(d).
-3
Let h(n) = -11*n - 13. Let y(u) = 12*u + 17. Let g(i) = 3*h(i) + 2*y(i). What is g(4)?
-41
Let r = 8 - 1. Let y(x) = 0*x**2 - 2*x**2 + 2*x**2 + 3*x**2 - 7*x - 2*x**2. What is y(r)?
0
Let p(z) = -5*z**3 - 11*z**2 - 3*z + 1. Let f(i) = i**3 + i**2 + i. Let c(u) = 6*f(u) + p(u). Suppose -4*a - 25 + 41 = 0, -2*n - 2*a = -16. Determine c(n).
-3
Let m(g) = 4*g. Let k(y) = -9*y - y + 11*y. Let h(i) = 5*k(i) - m(i). Give h(-4).
-4
Let i(b) = -b + 12. Let t(x) = 3*x - 36. Let n(w) = -11*i(w) - 4*t(w). What is n(8)?
4
Let c be ((-12)/(-18))/((-3)/(-6))*-3. Let d be 2/(-4) - (-9)/(-2). Let t(g) = g - 2. Let k(x) = 3*x - 3. Let v(f) = d*t(f) + 2*k(f). Calculate v(c).
0
Let k(v) = -v**3 + 3*v**2 - v - 3. Suppose -12*x - 11*x = -46. Determine k(x).
-1
Let c = 1 + 1. Let h(z) = 0*z + 2*z**c - z**3 + 4*z**2 - 8*z + 4. Suppose 8*g - 29 = 11. Calculate h(g).
-11
Suppose -103*d + 104 = -95*d. Let x(f) = -f**2 + 8*f + 63. Calculate x(d).
-2
Let b(s) = -32*s**2 + 60*s - 77. Let c(f) = -5*f**2 + 10*f - 13. Let r(x) = 2*b(x) - 13*c(x). Determine r(7).
-6
Let w(y) = 216005 - 5*y - 216005. Suppose -6 = -3*t - 0*t. Give w(t).
-10
Let l(u) = u**3 - 6*u**2 + 7 - u - 4*u**2 + 4*u**2 - 9*u**2. Give l(15).
-8
Let x(n) be the third derivative of -n**5/120 + 5*n**4/24 - 6*n**3 + 24*n**2. Let r(s) be the first derivative of x(s). Calculate r(6).
-1
Let n(h) = -h**3 + 26*h - 10. Let g be n(5). Let y(f) = 2*f**2 - 4*f - 3*f**2 - 5 - 2*f. What is y(g)?
0
Suppose -1 = l - 2*s + 1, 4*l - 2*s = -38. Let a(n) = n**2 + 11*n - 12. Give a(l).
0
Let o(l) = l**3 + 10*l**2 - 3*l - 14. Let w be (4/6)/(6/(-90)). Give o(w).
16
Let x(m) = -m + 1. Let n(a) = -8 + 5 + a + 3. Let y(d) = -6*n(d) - 5*x(d). Suppose h = -4 + 1. What is y(h)?
-2
Let j(d) = 13*d**3 + d**2 - 2*d - 8. Let r(g) = -5*g**3 + g + 4. Let u(c) = 2*j(c) + 5*r(c). Give u(-3).
-8
Let z = 23 - 21. Let s(b) be the second derivative of b**3/2 - b**2/2 - 20*b. Calculate s(z).
5
Suppose 0 = 6*p + 2 - 80. Let h(j) = -5*j**2 - 14*j**3 - j + p*j**3 + 5*j - 5. Determine h(-6).
7
Let i(v) = 21*v + 4 - 2 + 1 - 4. Give i(1).
20
Let m(u) = u**3 + 3*u**2 - 1. Let h = -15 + 17. Suppose -4*g = -h*g + 8. What is m(g)?
-17
Let s be (-2 - -3)*(0 - 6). Let p(i) = -51*i - 14. Let f(j) = 17*j + 5. Let m(v) = s*p(v) - 17*f(v). What is m(1)?
16
Let r = 15 + -21. Let k = 10 - 12. Let j(a) = -a**2 - 1. Let m(q) = 3*q**2 + 7*q + 11. Let c(g) = k*j(g) - m(g). Give c(r).
-3
Suppose -3*r + 4*i = -3, 3*i = -4*r + 8 - 29. Let t = r - -7. Let j(d) = -t*d**2 + 5*d**2 + 4 + 2*d**3 - 1 - 4. Give j(1).
2
Let o(t) = t**2 - 14*t - 9. Suppose 203*c - 30 = 201*c. Give o(c).
6
Let n(v) = 5*v**2 + 2*v - 1. Let t(c) = c**2 - c. Let o(r) = n(r) + t(r). Let j(x) = -x**3 - 84*x**2 + 79*x - 509. Let h be j(-85). Calculate o(h).
6
Suppose 0*n + 5*n = 0. Let y(k) = 4*k - k - 139 - k**2 + 142 - 4*k + 0*k**2. What is y(n)?
3
Let r(n) = n + 7. Let z be r(-8). Let h(l) = -2*l - l - 68 + 67. Calculate h(z).
2
Let v(y) be the second derivative of 1/6*y**3 - 2*y**2 + 1/12*y**4 - 5*y + 0. Give v(4).
16
Let s(j) = 2*j + 13 - 3*j**2 - 17*j**3 + 16*j**3 - 3. Calculate s(-3).
4
Let h be (-930)/(-35) + 4/(-28)*4. Suppose -4 = 11*f - h. Let j(w) = w**3 - w. What is j(f)?
6
Let d(x) = -x**3 + 3*x**2 + 2*x + 1. Let y be d(3). Suppose 0 = v + 4*v - 10. Let c(l) = -3*l - 4 + l**3 - 6*l**2 - v - 3*l + 0*l. Determine c(y).
1
Suppose -c + 1 = 0, 2*c - 2 = -3*n + 57. Let p = n + -16. Let l(q) = q**3 - 5*q**2 + 4*q - 2. Calculate l(p).
-8
Let r(v) = 3*v**3 + 6*v**2 - 3*v - 2. Let w(c) = 7*c**2 + c**3 - 2*c + 3*c**3 - 3 - c**2. Let q(l) = 5*r(l) - 4*w(l). Give q(5).
-8
Let m(g) = -g**2 + 4*g - 5. Let p be ((-36)/(-30))/(4/10). Calculate m(p).
-2
Let a be (-20)/6 + (-2)/3. Suppose -26*f = -27*f + 95. Let d(u) = 3 - f*u + 98*u + 1. Calculate d(a).
-8
Let y(g) = -7*g**2 + g. Suppose m - 1 = 2*d + 6*m, 5*m = -5. Let s be y(d). Let i be (-13)/s*(-1 + 1). Let v(h) = h**2 + h - 12. Determine v(i).
-12
Let i(z) = -28 + 2*z + 10 + 14 + 0*z. Determine i(-4).
-12
Suppose 2*t - 2*d + 4*d = 0, 3*d = 3*t - 12. Let p(q) = -q**2 + 3*q + 2. Calculate p(t).
4
Let c(w) = -w**2 - 7*w - 10. Let y be c(-5). Let r(n) = -7*n**3 - 238*n + y*n**3 + 238*n. Determine r(-1).
7
Let y be (-90)/(-36) - (-2)/4. Let m(l) = -l**y + 7*l**2 + 14 + 2*l + 0 - 5. Calculate m(7).
23
Let w(b) = -b**2 + 7*b - 7. Let d be (-22)/(-8) + (-9)/12. Let g be (11 + -9)*(0 + d). Suppose g*h = -0*h + 24. Calculate w(h).
-1
Let y(s) = 8*s + 2. Let z(w) = w + 29. Let g be z(-27). Give y(g).
18
Let n(q) be the first derivative of -q**4/4 + 7*q**3/3 + 11*q**2/2 - 7*q - 130. Determine n(8).
17
Let q be 7/(-1) - (-7 - -5). Let j(s) = s - 3*s**3 + 2 - 5*s**2 + 2*s**3 - 3. Determine j(q).
-6
Let h(k) = 27*k - 49. Let p(l) = 18*l - 33. Let n(d) = -5*h(d) + 7*p(d). Let c(u) = -5*u + 7. Let b(a) = 11*c(a) - 6*n(a). Give b(-9).
2
Let w(v) = -v - 2. Let c be w(2). Let l(h) be the third derivative of -h**6/120 - h**5/12 - h**4/6 + 703*h**2. Determine l(c).
0
Let c(t) = 2*t - 17. Let h be c(12). Let n(x) = 0*x + 5*x**2 - h*x - 9*x**2 + 3*x**2 - 4. Give n(-6).
2
Let c(i) be the third derivative of -i**5/60 + i**4/6 - 5*i**3/6 + 30*i**2 - 2. What is c(5)?
-10
Let g(n) = 6*n**2 - 3. Let q(k) = 31*k**2 - 16. Let h(m) = 11*g(m) - 2*q(m). Let x = 40 + -41. Let b = x - 0. Calculate h(b).
3
Let j = -10 + 7. Let b(c) = 1 - c + 11*c**2 + 0 - 5 - 10*c**2. What is b(j)?
8
Suppose -3*c - 5*n = -3, c - 3*c + 2 = 3*n. Let r(u) = -3217165 + 3217165 + 19*u. Give r(c).
19
Suppose 0 = 7*z - 10*r + 14*r + 50, -34 = 4*z + 5*r. Let c(x) = 12*x + 71. Determine c(z).
-1
Let j(x) = 7*x - 161*x**2 + 3 + 108*x**2 - 8 + 52*x**2. Suppose 0 = -2*v + v + 10. Suppose 2*a + 0*a = v. Give j(a).
5
Suppose -3*j = -33 - 3. Let u(w) = j + w - 7*w + 7*w. Calculate u(-6).
6
Let v be ((-2)/(-3))/(2/12). Suppose -3*x - 8 = 2*w - v*x, -2*x = -4. Let p(y) = y - 4. Determine p(w).
-7
Let x(t) = 5*t - 14*t + t**3 - 9*t + 1253*t**2 - 1259*t**2 + 9. What is x(8)?
-7
Let a(r) be the third derivative of r**5/12 + r**4/24 - 2*r**3/3 + r**2. Let d(j) = j**2 - 1. Let k(s) = -2*a(s) + 9*d(s). Let t = -7746 - -7744. Give k(t).
-1
Let a(j) be the second derivative of 0 + 2*j + 2/3*j**3 + 1/12*j**4 - 4*j**2. L